{"id":62,"date":"2019-05-12T17:06:25","date_gmt":"2019-05-12T17:06:25","guid":{"rendered":"http:\/\/pcm-thueringen.de\/?page_id=62"},"modified":"2025-12-23T12:45:33","modified_gmt":"2025-12-23T12:45:33","slug":"weitere-dienstleistungen","status":"publish","type":"page","link":"https:\/\/pcm-thueringen.de\/?page_id=62","title":{"rendered":"Weitere Dienstleistungen"},"content":{"rendered":"\t\t<div data-elementor-type=\"wp-page\" data-elementor-id=\"62\" class=\"elementor elementor-62\">\n\t\t\t\t<div class=\"elementor-element elementor-element-2fa72c4 e-flex e-con-boxed e-con e-parent\" data-id=\"2fa72c4\" data-element_type=\"container\" data-e-type=\"container\">\n\t\t\t\t\t<div class=\"e-con-inner\">\n\t\t\t\t<div class=\"elementor-element elementor-element-6edae3f2 elementor-widget elementor-widget-text-editor\" data-id=\"6edae3f2\" data-element_type=\"widget\" data-e-type=\"widget\" data-widget_type=\"text-editor.default\">\n\t\t\t\t\t\t\t\t\t\n<p>\u00a0<\/p>\n<p><strong>Folgende Leistungen bieten wir ebenfalls an:<\/strong><\/p>\n\n<p>\u00a0<\/p>\n<ul class=\"wp-block-list\">\n<li>Stra\u00dfenreinigung<\/li>\n<li>Umz\u00fcge<\/li>\n<li>Sch\u00fcttguttransporte<\/li>\n<li>Lieferung von Baumaterialien<\/li>\n<\/ul>\n\n<ul class=\"wp-block-gallery columns-3 is-cropped wp-block-gallery-2 is-layout-flex wp-block-gallery-is-layout-flex\">\n<li class=\"blocks-gallery-item\">\n<figure><img fetchpriority=\"high\" decoding=\"async\" width=\"768\" height=\"1024\" class=\"wp-image-32\" src=\"http:\/\/pcm-thueringen.de\/wp-content\/uploads\/2019\/05\/IMG-20190415-WA00101555340724091-768x1024.jpg\" alt=\"\" data-id=\"32\" data-link=\"http:\/\/pcm-thueringen.de\/?attachment_id=32\" srcset=\"https:\/\/pcm-thueringen.de\/wp-content\/uploads\/2019\/05\/IMG-20190415-WA00101555340724091-768x1024.jpg 768w, https:\/\/pcm-thueringen.de\/wp-content\/uploads\/2019\/05\/IMG-20190415-WA00101555340724091-225x300.jpg 225w, https:\/\/pcm-thueringen.de\/wp-content\/uploads\/2019\/05\/IMG-20190415-WA00101555340724091-600x800.jpg 600w, https:\/\/pcm-thueringen.de\/wp-content\/uploads\/2019\/05\/IMG-20190415-WA00101555340724091.jpg 1200w\" sizes=\"(max-width: 768px) 100vw, 768px\" \/><\/figure>\n<\/li>\n<li class=\"blocks-gallery-item\">\n<figure><img decoding=\"async\" width=\"768\" height=\"1024\" class=\"wp-image-30\" src=\"http:\/\/pcm-thueringen.de\/wp-content\/uploads\/2019\/05\/IMG-20190415-WA00081555340727273-768x1024.jpg\" alt=\"\" data-id=\"30\" data-link=\"http:\/\/pcm-thueringen.de\/?attachment_id=30\" srcset=\"https:\/\/pcm-thueringen.de\/wp-content\/uploads\/2019\/05\/IMG-20190415-WA00081555340727273-768x1024.jpg 768w, https:\/\/pcm-thueringen.de\/wp-content\/uploads\/2019\/05\/IMG-20190415-WA00081555340727273-225x300.jpg 225w, https:\/\/pcm-thueringen.de\/wp-content\/uploads\/2019\/05\/IMG-20190415-WA00081555340727273-600x800.jpg 600w, https:\/\/pcm-thueringen.de\/wp-content\/uploads\/2019\/05\/IMG-20190415-WA00081555340727273.jpg 1200w\" sizes=\"(max-width: 768px) 100vw, 768px\" \/><\/figure>\n<\/li>\n<li class=\"blocks-gallery-item\">\u00a0<\/li>\n<li class=\"blocks-gallery-item\">\n<figure><img decoding=\"async\" width=\"1024\" height=\"768\" class=\"wp-image-24\" src=\"http:\/\/pcm-thueringen.de\/wp-content\/uploads\/2019\/05\/IMG-20190304-WA0021-1024x768.jpg\" alt=\"\" data-id=\"24\" data-link=\"http:\/\/pcm-thueringen.de\/?attachment_id=24\" srcset=\"https:\/\/pcm-thueringen.de\/wp-content\/uploads\/2019\/05\/IMG-20190304-WA0021-1024x768.jpg 1024w, https:\/\/pcm-thueringen.de\/wp-content\/uploads\/2019\/05\/IMG-20190304-WA0021-300x225.jpg 300w, https:\/\/pcm-thueringen.de\/wp-content\/uploads\/2019\/05\/IMG-20190304-WA0021-768x576.jpg 768w, https:\/\/pcm-thueringen.de\/wp-content\/uploads\/2019\/05\/IMG-20190304-WA0021-600x450.jpg 600w, https:\/\/pcm-thueringen.de\/wp-content\/uploads\/2019\/05\/IMG-20190304-WA0021.jpg 1600w\" sizes=\"(max-width: 1024px) 100vw, 1024px\" \/><\/figure>\n<\/li>\n<li class=\"blocks-gallery-item\">\n<figure><img loading=\"lazy\" decoding=\"async\" width=\"768\" height=\"1024\" class=\"wp-image-10\" src=\"http:\/\/pcm-thueringen.de\/wp-content\/uploads\/2019\/05\/20190117_135514-768x1024.jpg\" alt=\"\" data-id=\"10\" data-link=\"http:\/\/pcm-thueringen.de\/?attachment_id=10\" srcset=\"https:\/\/pcm-thueringen.de\/wp-content\/uploads\/2019\/05\/20190117_135514-768x1024.jpg 768w, https:\/\/pcm-thueringen.de\/wp-content\/uploads\/2019\/05\/20190117_135514-225x300.jpg 225w, https:\/\/pcm-thueringen.de\/wp-content\/uploads\/2019\/05\/20190117_135514-600x800.jpg 600w\" sizes=\"(max-width: 768px) 100vw, 768px\" \/><\/figure>\n<\/li>\n<li class=\"blocks-gallery-item\">\u00a0<\/li>\n<\/ul>\n\t\t\t\t\t\t\t\t<\/div>\n\t\t\t\t\t<\/div>\n\t\t\t\t<\/div>\n\t\t\t\t<\/div>\n\t\t","protected":false},"excerpt":{"rendered":"<p>\u00a0 Folgende Leistungen bieten wir ebenfalls an: \u00a0 Stra\u00dfenreinigung Umz\u00fcge Sch\u00fcttguttransporte Lieferung von Baumaterialien<\/p>\n","protected":false},"author":1,"featured_media":0,"parent":0,"menu_order":0,"comment_status":"closed","ping_status":"closed","template":"","meta":{"footnotes":""},"class_list":["post-62","page","type-page","status-publish","hentry"],"_links":{"self":[{"href":"https:\/\/pcm-thueringen.de\/index.php?rest_route=\/wp\/v2\/pages\/62","targetHints":{"allow":["GET"]}}],"collection":[{"href":"https:\/\/pcm-thueringen.de\/index.php?rest_route=\/wp\/v2\/pages"}],"about":[{"href":"https:\/\/pcm-thueringen.de\/index.php?rest_route=\/wp\/v2\/types\/page"}],"author":[{"embeddable":true,"href":"https:\/\/pcm-thueringen.de\/index.php?rest_route=\/wp\/v2\/users\/1"}],"replies":[{"embeddable":true,"href":"https:\/\/pcm-thueringen.de\/index.php?rest_route=%2Fwp%2Fv2%2Fcomments&post=62"}],"version-history":[{"count":15,"href":"https:\/\/pcm-thueringen.de\/index.php?rest_route=\/wp\/v2\/pages\/62\/revisions"}],"predecessor-version":[{"id":425,"href":"https:\/\/pcm-thueringen.de\/index.php?rest_route=\/wp\/v2\/pages\/62\/revisions\/425"}],"wp:attachment":[{"href":"https:\/\/pcm-thueringen.de\/index.php?rest_route=%2Fwp%2Fv2%2Fmedia&parent=62"}],"curies":[{"name":"wp","href":"https:\/\/api.w.org\/{rel}","templated":true}]}}